composite number?
False
Is 1509379433 a prime number?
True
Is 23703405305 a prime number?
False
Is 36066533 composite?
True
Is 1963860419 a composite number?
True
Is 24684169501 prime?
False
Is 220812414509 prime?
False
Is 1740399217 a prime number?
True
Is 79828101179 prime?
True
Is 46219373143 prime?
True
Is 350194069 a composite number?
False
Is 14849932597 prime?
True
Is 129248446709 composite?
True
Is 40033995857 composite?
True
Is 14119958621 a composite number?
False
Is 999271621 a composite number?
False
Is 5579992981 prime?
True
Is 6478253081 a composite number?
False
Is 20626816577 composite?
True
Is 922694161 a composite number?
True
Is 7394942321 composite?
True
Is 229586081357 composite?
False
Is 6004549493 composite?
True
Is 15275758193 composite?
True
Is 29642077 prime?
True
Is 22838811497 a composite number?
True
Is 1165390654 a prime number?
False
Is 1208798807 a composite number?
False
Is 13134163339 a composite number?
True
Is 15723905501 prime?
False
Is 1082632399 prime?
False
Is 1683860099 a composite number?
False
Is 2169824417 composite?
False
Is 1295182657 composite?
False
Is 645972001 a composite number?
True
Is 241760789321 a prime number?
True
Is 11046879703 prime?
True
Is 5182489691 a prime number?
True
Is 3166316939 composite?
False
Is 3374286479 a composite number?
True
Is 3625739639 a prime number?
False
Is 72998699 a composite number?
False
Is 293881667 a prime number?
False
Is 457252357 prime?
False
Is 48415884871 composite?
True
Is 9260141197 composite?
True
Is 5102779321 a prime number?
True
Is 2928376357 composite?
False
Is 1060918321 a composite number?
False
Is 33412432747 composite?
False
Is 5711991919 prime?
False
Is 1036610441 a composite number?
False
Is 1392541841 prime?
True
Is 5882762561 a prime number?
False
Is 1844770469 composite?
True
Is 2574300707 prime?
False
Is 403324574 a composite number?
True
Is 6079211953 a composite number?
False
Is 959353007 composite?
False
Is 23122997 composite?
True
Is 68509469113 a prime number?
False
Is 3805303127 a composite number?
False
Is 1710889079 prime?
True
Is 30960076261 composite?
True
Is 1068728821 composite?
True
Is 266161411 composite?
False
Is 26693229007 composite?
False
Is 247564567 a prime number?
True
Is 4138773493 prime?
True
Is 1791052891 a composite number?
False
Is 238816859 prime?
True
Is 2579832427 a prime number?
True
Is 355764517 prime?
True
Is 20006546111 a prime number?
True
Is 114285839 a prime number?
False
Is 65214171329 a composite number?
False
Is 250091731299 composite?
True
Is 1489058957 a prime number?
True
Is 94442659091 composite?
True
Is 17251491071 composite?
False
Is 1487267105 prime?
False
Is 12757580203 composite?
True
Is 31973488087 a composite number?
True
Is 6096033191 composite?
True
Is 3032642849 a composite number?
True
Is 58166633963 composite?
False
Is 2644277579 prime?
True
Is 20999569573 prime?
False
Is 4610261047 a prime number?
False
Is 505910789 a prime number?
True
Is 8141716727 a prime number?
True
Is 927640589 a composite number?
True
Is 2632029391 prime?
False
Is 46535234783 a prime number?
True
Is 10377014653 a composite number?
True
Is 2683824421 a prime number?
False
Is 99203609 prime?
False
Is 77107246795 a composite number?
True
Is 1126259567 composite?
True
Is 1654047971 a composite number?
False
Is 1387184093 a composite number?
True
Is 34965839 a prime number?
True
Is 159170200265 a prime number?
False
Is 5263750259 composite?
True
Is 2051518499 a prime number?
True
Is 133973951691 composite?
True
Is 7810872137 a prime number?
True
Is 344140813 a prime number?
False
Is 14753617633 a composite number?
False
Is 1012990579 a composite number?
True
Is 13955725763 composite?
True
Is 1989583 composite?
False
Is 1514910161 a prime number?
True
Is 108426374737 a composite number?
False
Is 5138552227 a composite number?
False
Is 135888853279 a composite number?
False
Is 32171608927 a composite number?
False
Is 131672823 a composite number?
True
Is 3898781137 a composite number?
True
Is 12931383259 a prime number?
True
Is 1577611247 a composite number?
False
Is 64045623599 a prime number?
True
Is 124009218901 prime?
True
Is 672959053 prime?
False
Is 909607753 composite?
False
Is 1099091443 a prime number?
True
Is 46306511 a composite number?
False
Is 248815142879 a prime number?
True
Is 107167547 a prime number?
True
Is 37795149971 prime?
True
Is 2090942881 composite?
False
Is 657725099 a prime number?
True
Is 4748368789 prime?
False
Is 946540033 a prime number?
True
Is 2649963311 composite?
True
Is 1431402589 a prime number?
True
Is 3732024749 a composite number?
True
Is 22741128467 prime?
True
Is 2719509421 a composite number?
False
Is 13407145561 prime?
True
Is 4566340327 a composite number?
True
Is 939618619 a composite number?
True
Is 3973337083 a prime number?
True
Is 31956183299 a prime number?
False
Is 4980001683 a prime number?
False
Is 14536574233 a prime number?
True
Is 13270447051 a composite number?
False
Is 5593906951 a composite number?
True
Is 855184931 a prime number?
False
Is 977464841 a prime number?
True
Is 8103650161 composite?
True
Is 344339209 prime?
False
Is 20049661057 prime?
False
Is 15735015739 prime?
True
Is 1676856099 prime?
False
Is 103746401027 prime?
True
Is 5124386083 a prime number?
False
Is 461092949 a composite number?
False
Is 4366560571 prime?
True
Is 34378763 composite?
False
Is 1061444233 prime?
False
Is 8095323 prime?
False
Is 101595967099 composite?
True
Is 62275517 composite?
True
Is 266914987 prime?
True
Is 21891427 composite?
True
Is 2849092999 a prime number?
False
Is 6313690751 a prime number?
False
Is 3145290283 a composite number?
True
Is 623189263 a prime number?
True
Is 77960686547 composite?
False
Is 91529909 prime?
False
Is 31709835959 a prime number?
False
Is 23898903887 a composite number?
False
Is 27191272793 a prime number?
False
Is 756754153 a prime number?
False
Is 1710880361 composite?
True
Is 352043399 a composite number?
True
Is 3662903773 composite?
False
Is 2206444739 a composite number?
True
Is 273972287 a composite number?
True
Is 12173112723 a composite number?
True
Is 66051425959 a prime number?
False
Is 9602136311 composite?
False
Is 169458467 a prime number?
True
Is 9278747629 a prime number?
True
Is 81407520377 prime?
False
Is 3251102921 a composite number?
True
Is 9742939799 composite?
True
Is 39236900231 a prime number?
False
Is 14679496351 a composite number?
True
Is 30984347617 prime?
False
Is 87126030749 a composite number?
False
Is 9027445237 a prime number?
False
Is 149068027 prime?
True
Is 260043121 prime?
False
Is 5681256041 prime?
False
Is 3093000847 prime?
True
Is 53014822879 prime?
True
Is 208893101 a prime number?
True
Is 164921655203 prime?
False
Is 1246873634 composite?
True
Is 6473983471 a composite number?
False
Is 21433102151 composite?
False
Is 22003279999 a prime number?
True
Is 22970126411 prime?
True
Is 2704623137 a prime number?
False
Is 2296229907 composite?
True
Is 165578059 a composite number?
True
Is 28269089141 prime?
True
Is 119205731 a prime number?
True
Is 179922551983 a prime number?
True
Is 53604681187 a prime number?
False
Is 3705068393 prime?
False
Is 197647067 a prime number?
True
Is 32524808413 a composite number?
True
Is 3012611903 a composite number?
True
Is 5192715767 prime?
True
Is 34788680161 prime?
True
Is 105001359029 a prime number?
False
Is 136759087 prime?
False
Is 3075705779 composite?
True
Is 8766091567 a prime number?
True
Is 1177985429 a prime number?
True
Is 25236527 composite?
True
Is 1670005993 a prime number?
False
Is 4523835353 prime?
False
Is 1498112873 prime?
False
Is 10129529321 a composite number?
False
Is 791601658879 a prime number?
True
Is 552411641 prime?
False
Is 1466441687 a composite number?
True
Is 4234892918 a prime number?
False
Is 156511647434 composite?
True
Is 197340078737 a composite number?
True
Is 458328853 a prime number?
True
Is 51445561 prime?
True
Is 11826680291 a prime number?
False
Is 1016061559 a composite number?
True
Is 1399537553 a composite number?
True
Is 2162117093 a prime number?
False
Is 62921827 composite?
True
Is 975783217 prime?
True
Is 6082684463 a composite number?
False
Is 1414772157 a composite number?
True
Is 34268293063 a composite num